atest common divisor of 141 and 3?
3
What is the greatest common divisor of 42 and 1246?
14
Calculate the greatest common divisor of 1081 and 46.
23
What is the greatest common divisor of 13778 and 166?
166
Calculate the greatest common divisor of 216 and 696.
24
What is the highest common divisor of 978 and 6?
6
Calculate the greatest common factor of 867 and 204.
51
Calculate the greatest common factor of 288 and 108.
36
What is the greatest common factor of 333 and 45?
9
What is the highest common divisor of 594 and 286?
22
What is the highest common divisor of 4 and 2?
2
Calculate the greatest common factor of 666 and 370.
74
Calculate the highest common factor of 13 and 48555.
13
Calculate the greatest common factor of 391 and 138.
23
Calculate the highest common factor of 9 and 99.
9
What is the highest common divisor of 56 and 13916?
28
What is the highest common divisor of 8 and 15416?
8
What is the greatest common factor of 24 and 104?
8
What is the greatest common divisor of 918 and 2125?
17
Calculate the greatest common factor of 1 and 42.
1
Calculate the highest common divisor of 39078 and 54.
18
What is the greatest common factor of 8550 and 456?
114
Calculate the greatest common divisor of 1370 and 21646.
274
What is the highest common factor of 209 and 19?
19
What is the highest common factor of 76 and 21964?
76
Calculate the greatest common divisor of 102 and 186.
6
Calculate the greatest common factor of 17933 and 316.
79
Calculate the greatest common divisor of 1988 and 28.
28
Calculate the highest common divisor of 20 and 250.
10
What is the greatest common factor of 1510 and 10?
10
What is the greatest common divisor of 248 and 2914?
62
What is the highest common divisor of 6 and 366?
6
What is the greatest common factor of 616 and 488?
8
What is the highest common factor of 25 and 1000?
25
What is the greatest common factor of 69 and 184?
23
Calculate the greatest common factor of 305 and 122.
61
Calculate the highest common divisor of 28959 and 147.
147
What is the highest common factor of 186 and 1922?
62
What is the highest common factor of 182 and 700?
14
Calculate the highest common factor of 222 and 2154.
6
Calculate the highest common divisor of 44 and 5258.
22
Calculate the greatest common factor of 114 and 18.
6
What is the greatest common factor of 414 and 711?
9
What is the greatest common factor of 2178 and 1782?
198
What is the greatest common factor of 40 and 1220?
20
Calculate the greatest common factor of 987 and 273.
21
What is the highest common divisor of 15 and 1065?
15
Calculate the highest common factor of 1280 and 20.
20
Calculate the highest common divisor of 41805 and 45.
45
What is the highest common factor of 903 and 56?
7
What is the highest common divisor of 4 and 8348?
4
What is the greatest common divisor of 9438 and 78?
78
What is the greatest common factor of 350 and 575?
25
What is the highest common divisor of 477 and 18?
9
What is the highest common factor of 72 and 216?
72
What is the greatest common divisor of 207 and 92?
23
What is the highest common factor of 3325 and 133?
133
Calculate the highest common divisor of 3213 and 210.
21
Calculate the greatest common divisor of 12792 and 156.
156
Calculate the greatest common factor of 9 and 51.
3
What is the greatest common factor of 100 and 110?
10
Calculate the greatest common factor of 1443 and 39.
39
Calculate the highest common divisor of 490 and 56.
14
What is the highest common factor of 1408 and 77?
11
What is the greatest common divisor of 51 and 153?
51
What is the highest common factor of 10 and 260?
10
Calculate the highest common divisor of 1485 and 110.
55
Calculate the greatest common factor of 4 and 124.
4
What is the greatest common divisor of 174 and 36?
6
What is the highest common divisor of 585 and 1395?
45
What is the highest common factor of 36 and 828?
36
Calculate the greatest common factor of 832 and 91.
13
Calculate the highest common divisor of 5270 and 1360.
170
What is the greatest common factor of 18 and 630?
18
What is the greatest common divisor of 77 and 88?
11
Calculate the highest common divisor of 410 and 30.
10
What is the highest common divisor of 24 and 5508?
12
What is the highest common divisor of 4050 and 648?
162
Calculate the greatest common divisor of 3856 and 16.
16
What is the highest common factor of 18 and 40374?
18
Calculate the greatest common factor of 12 and 948.
12
What is the highest common divisor of 58 and 37613?
29
What is the highest common factor of 228 and 156?
12
What is the greatest common factor of 598 and 26?
26
Calculate the greatest common divisor of 22 and 6996.
22
What is the greatest common factor of 5785 and 35?
5
Calculate the greatest common divisor of 2394 and 114.
114
Calculate the greatest common divisor of 9 and 5409.
9
What is the greatest common divisor of 26 and 442?
26
What is the greatest common factor of 61 and 549?
61
What is the greatest common divisor of 132 and 2948?
44
What is the highest common divisor of 37 and 17057?
37
What is the greatest common divisor of 12 and 90?
6
What is the greatest common divisor of 7590 and 30?
30
What is the highest common factor of 889 and 21?
7
Calculate the highest common divisor of 21 and 399.
21
Calculate the highest common divisor of 44 and 418.
22
What is the greatest common factor of 27 and 5?
1
Calculate the highest common divisor of 132 and 36.
12
What is the highest common factor of 900 and 2900?
100
Calculate the highest common factor of 28 and 2268.
28
Calculate the greatest common divisor of 84 and 3066.
42
Calculate the highest common divisor of 2816 and 32.
32
Calculate the highest common divisor of 60 and 270.
30
Calculate the highest common divisor of 1216 and 76.
76
What is the greatest common divisor of 66 and 561?
33
What is the greatest common divisor of 245 and 4557?
49
What is the greatest common factor of 144 and 684?
36
What is the greatest common divisor of 3978 and 68?
34
What is the greatest common factor of 129 and 86?
43
What is the greatest common factor of 30 and 34?
2
Calculate the greatest common factor of 26 and 11466.
26
Calculate the greatest common factor of 13 and 2080.
13
Calculate the highest common factor of 464 and 3132.
116
Calculate the greatest common divisor of 1272 and 132.
12
What is the greatest common divisor of 342 and 912?
114
Calculate the highest common divisor of 192 and 66.
6
Calculate the highest common divisor of 16 and 976.
16
What is the highest common factor of 84 and 17682?
42
What is the greatest common factor of 84 and 1890?
42
Calculate the highest common divisor of 16 and 16.
16
Calculate the greatest common divisor of 172 and 17630.
86
What is the highest common divisor of 1002 and 6?
6
Calculate the greatest common factor of 70 and 112.
14
Calculate the greatest common factor of 38 and 209.
19
What is the greatest common factor of 3128 and 1012?
92
Calculate the greatest common divisor of 3404 and 740.
148
Calculate the highest common factor of 481 and 39.
13
What is the greatest common factor of 1130 and 113?
113
What is the greatest common factor of 54 and 891?
27
Calculate the greatest common factor of 5936 and 8.
8
What is the greatest common divisor of 204 and 102?
102
What is the greatest common factor of 28 and 154?
14
What is the greatest common factor of 17 and 374?
17
Calculate the greatest common factor of 7147 and 14.
7
What is the greatest common divisor of 2212 and 392?
28
What is the highest common factor of 335 and 134?
67
Calculate the highest common divisor of 36 and 192.
12
What is the greatest common divisor of 16 and 520?
8
Calculate the highest common factor of 1035 and 360.
45
Calculate the highest common factor of 632 and 40.
8
Calculate the highest common factor of 996 and 300.
12
Calculate the greatest common divisor of 8 and 152.
8
Calculate the highest common factor of 18 and 1962.
18
Calculate the highest common factor of 22 and 2057.
11
Calculate the greatest common factor of 340 and 1088.
68
Calculate the highest common factor of 1110 and 660.
30
Calculate the greatest common factor of 129 and 688.
43
Calculate the highest common divisor of 351 and 91.
13
Calculate the highest common factor of 670 and 10.
10
Calcul